10 + y**3/3 + y**2/2 + 15*y. What is m(-1)?
-7
Let r(t) = -t**3 - 4*t**2 + t - 2. Suppose -3*z + z - 8 = 0. Suppose 2*v = 4*m - 8, 4*v + 4*m + 30 + 10 = 0. Let c = v - z. What is r(c)?
-6
Suppose -22 = -12*d + 2. Let y(f) be the second derivative of -3*f - 1/3*f**3 - f**d + 0. Give y(-5).
8
Let g(v) = v - 5. Let o = 24 + -15. Let x = o - 7. Suppose j - x*w - 2 = 0, -5 = j - 2*j - w. Give g(j).
-1
Suppose 15*r = 14*r. Let p(g) = 1 + r + 2*g**2 - 9*g + 7*g. Calculate p(1).
1
Let f(i) = -i**3 - 4*i**2 - 3*i - 1. Suppose -h - 1 + 0 = 0. Let b = 3 - h. Let z = b - 7. What is f(z)?
-1
Let i(z) = -2*z**2 - 3*z**3 + 2*z**2. Let j be (-4)/(0 + -4 + 2). Suppose l + 1 = j*l. Calculate i(l).
-3
Let l(y) = y + 23. Let j be l(-29). Let u(f) = 2*f**2 - 6*f + 5. Let h(k) = -3*k**2 + 6*k - 4. Let c(b) = 3*h(b) + 4*u(b). Calculate c(j).
8
Let v(a) = 7*a - 4. Suppose 0 = -2*d + d - 6. Let n(p) = -6*p + 4. Let i(t) = d*n(t) - 5*v(t). What is i(8)?
4
Let o(f) be the first derivative of -10*f - 4*f**2 - 1/3*f**3 - 4. What is o(-7)?
-3
Let a(x) be the third derivative of 0 + 0*x - 5/24*x**4 + 1/10*x**5 - x**2 + 1/3*x**3 - 1/120*x**6. Give a(5).
2
Let r(o) = -o**3 + o - 1. Let m(u) = 9*u**3 - 5*u + 2. Suppose -11 - 1 = -4*b. Let g(f) = b*r(f) + m(f). Calculate g(-1).
-5
Suppose -3*q + 6*q = -2*h + 3, 4*h - 1 = -q. Let c(g) = -6*g**2 - 8*g. Let b(o) = 5*o**2 + 7*o + 1. Let n(p) = 7*b(p) + 6*c(p). Give n(h).
7
Suppose 15 = -0*g - g + 4*d, -g = 3*d - 6. Let s(t) be the second derivative of 0 + t + t**3 + 2*t**2 + 1/12*t**4. Give s(g).
-5
Let z(c) = c**3 + 5*c**2 + 7. Let m(x) = -x**2 + 6*x + 2. Let y be m(7). Determine z(y).
7
Let k(p) = -6*p**3 + p**2 + p - 4. Let i(u) = 5*u**3 - u + 3. Let q(d) = 5*i(d) + 4*k(d). Let v = -4 + 0. Give q(v).
3
Let n(d) = -d**3 - d**2 - d + 5. Suppose -2*t - 4 = 2*s, -t = t - 3*s - 6. Calculate n(t).
5
Let b(r) be the third derivative of -1/6*r**4 + 0*r**3 + 0 + 0*r - 3*r**2. Calculate b(-2).
8
Suppose 36 = 16*j - 7*j. Let u(k) = -2*k + 1. What is u(j)?
-7
Let k(l) = l - 4*l + 3*l**3 + 3*l**2 - 2*l**2 - 2*l**2. Let q(v) = 13*v**3 - 4*v**2 - 13*v + 1. Let t(c) = -9*k(c) + 2*q(c). Give t(2).
0
Let x be 5/15*(-1)/(-2). Let y(r) be the third derivative of 0 + 1/24*r**4 + 2*r**2 + 0*r + 1/60*r**5 + x*r**3. Give y(-3).
7
Let g(l) be the second derivative of -l**4/6 - 5*l**3/3 - 3*l**2 + 5*l. Give g(-6).
-18
Let o(c) = -c**2 + 2*c + 3. Let q(v) = -2*v + 6. Suppose -2 - 14 = -4*a. Let m be q(a). What is o(m)?
-5
Let u(q) = -q - 1. Suppose o = m - 10, 5*o - 6*m = -10*m - 32. Calculate u(o).
7
Let d(s) = -s + 1. Suppose 119 - 23 = -4*c. Let x = c - -42. Let w be 12/x + 1/3. Give d(w).
0
Let m(o) = -o**2 + 6*o - 4. Let u(g) = -5*g**3 + g**2 + g + 1. Let k be u(-1). What is m(k)?
-4
Let p(k) = -6*k**3 - k**2 - 10*k + 5. Let s(q) = -q**3 - q**2 - q + 1. Let i(o) = p(o) - 5*s(o). Calculate i(4).
-20
Let x(g) be the second derivative of g**4/12 - 2*g**3/3 - 3*g**2 + g. Suppose 0 = 2*u + 3*u + 55. Let m be 2/(-4) - u/2. Calculate x(m).
-1
Let c(s) = -8*s**3 - 41*s**2 + 11*s - 32. Let i(l) = -3*l**3 - 14*l**2 + 4*l - 11. Let j(d) = 4*c(d) - 11*i(d). Give j(10).
-7
Suppose 4*b + 8 = 2*b. Let m be 5/(-10) - 2/b. Let f(t) = t**2 + t + 1. Determine f(m).
1
Let w(x) = -x**2 + 3*x**3 + 0*x**2 - 2 + 5*x - 4*x**3 + 6. What is w(-3)?
7
Let p(t) = t**2 - t. Suppose -39*a = -36*a + 6. Determine p(a).
6
Suppose 0 = -4*r + 2*q + 12, -q + 5 + 19 = 4*r. Suppose -2*s - 3*s + r = 0. Let k(f) = -1 - s - 4*f + f. Determine k(-3).
7
Let d(p) = 11 + 12*p**2 - 8*p - 11*p**2 - 5*p. What is d(11)?
-11
Let z(c) = -c**3 - c**2 - c. Let o(y) = -3*y**3 - 7*y**2 - 4*y + 3. Let n(i) = o(i) - 2*z(i). Calculate n(-4).
-5
Let i(t) be the third derivative of t**7/1260 + t**6/720 + t**5/10 + 2*t**2. Let n(l) be the third derivative of i(l). Give n(-2).
-7
Let h(f) = -f**2 + 5*f - 4. Let k be (-15)/(-3 + 2) + 2. Suppose l - 28 = -5*z, -5*l + k = 2. What is h(z)?
-4
Let w(t) be the third derivative of -t**4/24 + 5*t**3/6 - t**2. Let f = 4 - 0. Give w(f).
1
Let b(c) be the second derivative of -1/12*c**4 - c**3 + 0 + 0*c**2 - 3*c. Determine b(-6).
0
Let v(c) = -2*c - 5 + 1 + 3*c + 0. Determine v(6).
2
Let b(l) be the second derivative of -1/6*l**4 + 0*l**3 + 0 + 1/24*l**5 - 2*l + 1/720*l**6 + 0*l**2. Let p(w) be the third derivative of b(w). Determine p(-3).
2
Let z(h) = h**3 + 9. Suppose 2*w = -6*n + 8*n + 6, 2*n + 6 = 5*w. What is z(w)?
9
Let s(r) = 2*r**2 - 4*r + 3. Suppose -2*u = 11 + 1. Let i = u - -8. Determine s(i).
3
Let n(t) be the first derivative of -t**5/120 - 5*t**4/24 + 2*t**3/3 + 1. Let h(o) be the third derivative of n(o). Determine h(-5).
0
Let w(x) = -3*x**3 + x. Let q(l) = 3*l + 3. Let d be q(-2). Let s be 6/(d*2/4). Let h = s - -5. What is w(h)?
-2
Let t(m) be the first derivative of 3 - 11*m**2 + 2*m**2 + 3*m + 8*m**2. Let k(v) = v**3 + 5*v**2 - 7*v - 4. Let g be k(-6). Determine t(g).
-1
Let j(k) = k**2 + 3*k - 4. Let l(q) = 2*q**2 + 5*q - 7. Suppose -3*p - 51 = -18. Let u(v) = p*j(v) + 6*l(v). Determine u(4).
6
Let m(d) = -d - 1. Let g(w) = -w - 1. Let s(q) = 2*g(q) - 3*m(q). What is s(-5)?
-4
Suppose -15 = 3*h, -i + 10 = -4*i - 5*h. Suppose -3 = -4*x + i. Let j(d) = -x*d + d**3 - 3*d**2 - 3*d**2 + d**2 + 5. Calculate j(5).
-5
Let j = -2 + -1. Let f(s) = s + 3. Let i be f(j). Let t(u) = 3 + u - 2*u + i. Give t(0).
3
Let s(m) = m**3 - 7*m**2 - 8*m + 7. Let w(x) = x**3 - 6*x**2 - 7*x + 7. Let v be 8/4*(-6)/4. Let y(g) = v*w(g) + 2*s(g). Give y(5).
-7
Let k(r) = 13*r + 2. Let s(z) = -z. Let o(l) = -k(l) - 6*s(l). Give o(4).
-30
Let n(w) = -w**2 - 5*w + 2. Suppose 5*d - 1 = 9, -5*i + 4*d = 33. Calculate n(i).
2
Suppose -3*u = -0*u + 15. Let j(w) = 7*w - 2. Let z(r) = -6*r + 2. Let x(g) = u*j(g) - 6*z(g). What is x(-4)?
-6
Let f(k) = 4*k - 13. Suppose 3*b - 7*b = 5*c + 34, 2*b = 4*c - 30. Let i(w) = -2*w + 7. Let n(x) = b*i(x) - 6*f(x). What is n(3)?
-5
Let u(y) = -y**3 - 4*y**2 + 3*y + 5. Let h be ((-8)/12)/(2/(-3)). Suppose -5*b - 9 = h. Let m be b/8 + (-60)/16. Calculate u(m).
-7
Let m(j) be the first derivative of -j**4/4 + 2*j**3 - j**2/2 + 5*j + 3. Let b be (8/20)/((-1)/(-15)). What is m(b)?
-1
Let s(u) be the second derivative of u**2 + 1/20*u**5 + 0 + 3*u + 0*u**4 - 1/3*u**3. What is s(2)?
6
Suppose -4*j = 2 - 14. Let v(l) = 2*l + 4 + 1 + l**2 - j. Calculate v(-3).
5
Let x(i) = -1. Let h(f) = -f**2 + 6*f + 6. Let q(p) = -h(p) - 6*x(p). Let b = -13 + -3. Let o = -11 - b. Give q(o).
-5
Suppose 5*b + 11 = -4*q, 5*q - q = 3*b + 13. Let y(x) = -5*x + 3*x + 3*x - 11*x**2 + 0*x. Calculate y(q).
-10
Let u(t) be the third derivative of t**2 - 1/6*t**4 + 0*t - 1/60*t**5 - 1/2*t**3 + 0. What is u(-2)?
1
Let c(d) = -4*d**2 + 3*d - 4. Suppose 0 = 6*u - 35 + 5. Let w(m) = 5*m**2 - 4*m + 5. Let a(n) = u*w(n) + 6*c(n). Calculate a(4).
9
Let n(d) = -29 - 9*d + 29. Calculate n(-1).
9
Let j(f) = 10*f**2 - 5*f - 1. Let x(w) = 10*w**2 - 6*w - 1. Let u(y) = -7*j(y) + 6*x(y). Calculate u(1).
-10
Let a(t) = -10*t**2 - 1. Let y(o) = -o**2 + 10*o - 10. Let l be y(9). Give a(l).
-11
Let w(t) = 3*t**2 - 2*t + 1. Let a = -3 - -4. Determine w(a).
2
Let b(w) = -w**2. Let p(r) = -r**3 + 2*r**2 + 3. Let m(q) = 6*b(q) + p(q). Determine m(-3).
-6
Let f(k) = k**2 + 3*k. Let i = 5 - -11. Suppose -2*n = -j + 7, j + i = -5*n - 5. Calculate f(n).
4
Let l(g) be the first derivative of 2 - 1/4*g**4 + 0*g**3 + 0*g**2 + 7*g. Calculate l(0).
7
Let b(q) = 4*q**3 - 2*q**2 + 6*q - 10. Let l(n) = n**3 - n**2 + 2*n - 3. Let y(m) = 2*b(m) - 7*l(m). Determine y(-4).
-7
Let j be (-2)/(4/(-2)) + -1. Let k = j - -3. Suppose r + t + k = -2, -r + 3*t + 11 = 0. Let a(d) = 5*d**3 - 1. What is a(r)?
-6
Let r(i) be the second derivative of i**4/12 - i**3/6 - i**2 + 4*i. Suppose 0 = -3*c + 4*h - 17 - 1, -7 = -4*c - 5*h. Determine r(c).
4
Let v(j) be the first derivative of j**4/4 + j**3/3 - j**2/2 - j + 5. Let m be -4 - (-2 - -1 - 1). What is v(m)?
-3
Let t be (3 - 1) + 5 + -5. Let b(j) = t*j - 3*j + 0 + 10. Let i be b(7). Let m(u) = -u**3 + 4*u**2 - 2. What is m(i)?
7
Let j(a) = 8*a**3 - 6*a**2 + a + 1. Let v(w) = -w**2 + 4. Let u be v(0). Let l(q) = u*q**2 + 0*q**2 - 5*q**2. Let y(d) = j(d) - 6*l(d). Determine y(-1).
-8
Let c be (-10)/(-1) + 6/(-2). Suppose 5*l + 5*q = -35, -c*l + 2*l + 4*q = 8. Let m(n) = 5*n + 5 + 2*n